11*x**2 + 9*x - 31. Let k be b(-9). Let q be ((-2)/4)/((-5)/30). Let v be (-4)/q - (-64)/3. What is the highest common divisor of v and k?
10
Let i be 177*(24/9 - 3). Let f = 105 + i. Let m = -22 + f. What is the highest common factor of 36 and m?
12
Let o = -10 - -35. Suppose -5*w + o = -15. Let i be 672/32 + (-2 - (2 + 1)). What is the highest common factor of i and w?
8
Let y(w) = 444*w - 699. Let u be y(2). Calculate the greatest common divisor of 224 and u.
7
Let c be 132/88 - (-2)/(-4) - -59. Calculate the greatest common factor of c and 1280.
20
Let n be (3 + -1)/((16/(-380))/(-2)). Let b(f) = 32*f - 15*f - 13*f + n*f. Let u be b(1). What is the highest common factor of 9 and u?
9
Suppose 4*f - 15*r - 346 = 4051, -5452 = -5*f + 4*r. What is the greatest common divisor of 256 and f?
64
Let o(a) = a**2 - 616. Let z be o(-25). Calculate the highest common divisor of z and 3123.
9
Suppose 8 = 2*x, -14*x + 19*x = 3*d - 130. What is the greatest common factor of d and 85?
5
Let y(r) = r**2 + 4*r - 8. Let l be y(-6). Suppose -11*b = -7*b - l. Let z be 1/6 + (-195)/(-18). Calculate the greatest common divisor of b and z.
1
Let n(d) = 5*d**3 - 11*d**2 + 5*d - 2. Let j be n(4). What is the greatest common factor of 45 and j?
9
Suppose 5*j - 1055 = -5*c, -2*j + 5*c + 206 + 251 = 0. Let d(r) = -r**2 + 5. Let o be d(0). Let v = o + 19. Calculate the highest common divisor of v and j.
24
Let m(a) = 4*a**2 + a + 1. Let g be m(-2). Suppose -13*b = -3*b - 3140. Let s = -179 + b. What is the greatest common divisor of g and s?
15
Let m(x) = -4*x - 2. Let g be m(1). Let j = 58 + g. Let t = j + -27. What is the highest common factor of 10 and t?
5
Suppose 0 = -12*c - 308 + 1172. Calculate the highest common divisor of c and 1161.
9
Let r be (-7 - (37 - 75))/((-1)/62*-1). What is the highest common factor of r and 62?
62
Suppose 19*a - 55*a - 10230 = -102*a. Calculate the highest common factor of a and 60.
5
Let s(z) = z**3 + 57*z**2 - 40*z - 1062. Let i be s(-57). What is the highest common divisor of i and 957?
87
Suppose -4*q - 4*m = -68, 4*q = q + 3*m + 45. Let w(v) = 487*v + 73. Let h be w(1). Suppose -370*u + h = -356*u. What is the highest common factor of q and u?
8
Let z = -191 + 194. Suppose -4*b = l - 4 - 13, -131 = -5*l + z*b. What is the greatest common divisor of 25 and l?
25
Let x(y) = 3*y**3 - 67*y**2 - 29*y + 21. Let t be x(23). What is the highest common factor of 103 and t?
103
Suppose 3*m - 63 = 4*l + 24, -5*l - 51 = -2*m. Suppose 5*y - m = 2*i, 0 = -3*y + 2*i - 0*i + 23. Calculate the highest common factor of 1 and y.
1
Let a = -3313 + 3333. What is the highest common divisor of a and 1420?
20
Suppose -y + 5 = -d, -d + 43 = 5*y + 3*d. Suppose -y - 89 = -4*k. Calculate the highest common divisor of k and 8.
8
Let t be ((-57)/2)/(5/(-10)). Let z be (93 + -283)/((-2)/3 + 0). Calculate the highest common factor of z and t.
57
Let c(o) = 8*o**3 - 55*o**2 - 15*o + 140. Let f be c(14). What is the greatest common divisor of 182 and f?
182
Let h = -205 - -250. Let f = 356 + -146. Calculate the highest common factor of h and f.
15
Suppose -939 = -2*m + 321. Let q be (106/(-9))/(30/(-135)) + 7. What is the greatest common divisor of q and m?
30
Suppose -3*i - 19 = -4*g, -4*g + 5*i + 25 = g. Let l be 88*(g + -7 + 4). What is the greatest common divisor of 66 and l?
22
Let u(z) = z**3 + 3*z**2 + 3*z + 3. Suppose -k + 3*l = -1, -l + 3*l = -2. Let s be u(k). Suppose 44*t + 40 = 348. What is the highest common factor of t and s?
1
Let m = -23462 - -24088. Calculate the greatest common factor of m and 4.
2
Suppose 3*q - 4212 = -z, -43 = -3*q - 55. What is the greatest common divisor of z and 6?
6
Let t = -1589 - -1805. Calculate the greatest common factor of t and 48.
24
Let k be 11*35/(-77)*(1 + -109). Calculate the greatest common divisor of 420 and k.
60
Let a = -37 + 42. Suppose -744 = 3*m + 3*p, 3*m + 709 = 6*p - 2*p. Let b be 3 - (3/2 - m/(-18)). Calculate the highest common divisor of a and b.
5
Suppose -180*q + 40185 = 4905. Calculate the highest common factor of 490 and q.
98
Suppose 4*p = -20, -2*m = -6*m + 2*p + 158. Let g be 2*4 + 0/(-7 - -6). Let j(r) = 16*r - 17. Let q be j(g). What is the highest common factor of q and m?
37
Let k(i) = -4*i**2 - 121*i + 131. Let y be k(-31). What is the greatest common factor of y and 1102?
38
Suppose 108*t = -27*t + 829440. Calculate the greatest common factor of t and 48.
48
Let u = 92 - 88. Suppose 15*y + u = 14*y. Let m be (42/y)/(18/(-24)). What is the highest common divisor of m and 14?
14
Let j = -290 - -188. Let o = 688 - 762. Let z = o - j. What is the greatest common divisor of z and 224?
28
Let q(s) = 2*s**2 - 25*s + 35. Let w be q(11). Let z be 1/((7/595)/(w/2)). What is the highest common factor of z and 119?
17
Suppose -m - 3*v = v - 4, 3*v + 6 = 0. Let b = 143 - 77. Calculate the greatest common divisor of b and m.
6
Suppose 6*j = -5*f + 3*j + 781, f + j - 155 = 0. Let o = f + -41. What is the highest common factor of 18 and o?
9
Suppose -37901 - 12039 = -22*x. Suppose 0 = 2*a + v - 2123, -x = 3*a - 3*v - 5477. What is the greatest common divisor of a and 56?
56
Suppose 28*f - 85*f + 1040 = -44*f. What is the highest common factor of f and 560?
80
Let n(j) = -20*j - 92. Let u be n(-8). Suppose 18*t - 4*t - 1190 = 0. Calculate the greatest common factor of t and u.
17
Suppose -5*h - 78 = -w, -3*w - 5*h = -870 + 636. Calculate the greatest common divisor of w and 2158.
26
Let p be 14/49 - 220/(-14). Suppose p = -36*o + 40*o. Calculate the greatest common divisor of 52 and o.
4
Let k(a) = -a**3 + 14*a**2 + 82*a + 10. Let q be k(-5). What is the highest common divisor of q and 12975?
75
Let t(p) = -13*p + 208. Let m be t(-34). Suppose 206*g = 196*g + m. Calculate the greatest common divisor of 52 and g.
13
Let m be 118*(-3)/(-15)*(-530)/(-212). What is the greatest common divisor of m and 59?
59
Let p = -493775 + 493896. Suppose -3*w - 13 + 46 = 0. What is the greatest common divisor of w and p?
11
Let j = 878 + -824. Let z(y) = -7*y - 3. Let v be z(-12). What is the highest common factor of v and j?
27
Let m = -8 + 341. Let u be (1 - m/(-45))*40. What is the greatest common divisor of u and 42?
42
Let k = 117 - 121. Let c(p) = -2*p**3 - 2*p**2 + 11*p + 16. Let l be c(k). What is the greatest common divisor of l and 306?
34
Let p = -9845 + 12030. Calculate the highest common divisor of 1035 and p.
115
Let l = -6445 - -8576. Calculate the highest common factor of 1 and l.
1
Let r(f) = -f**2 + 33*f - 156. Let i be r(19). Let x = i + 52. What is the highest common divisor of x and 54?
54
Let v(c) = 2*c + 21. Let g be v(-9). Let d = 41 + g. Calculate the greatest common factor of d and 572.
44
Let o = -28 - -28. Suppose 0*d = 3*d - 5*t - 21, o = 4*d - t - 11. Let j be 23/d - (14/(-4) - -3). Calculate the greatest common factor of j and 12.
12
Let o(w) = 2*w + 5. Let g be o(5). Let t(k) = -k + 59. Let q be t(g). Suppose 0 = 4*x - q - 36. Calculate the highest common divisor of x and 15.
5
Let q = -169 + 173. Let u = q + 26. What is the highest common factor of 390 and u?
30
Let g be 66*(-60)/(-16)*6. Let w(q) = q**3 + 88*q**2 - 90*q + 10. Let a be w(-89). What is the highest common factor of g and a?
99
Let l(b) = -194*b - 12792. Let f be l(-67). Calculate the highest common divisor of f and 3502.
206
Let l(m) = m**3 + 10*m**2 - 6*m + 1. Let n be l(-5). Suppose 2*o - 328 = -3*x, -x - 1148*o + 1152*o + 72 = 0. What is the greatest common divisor of x and n?
52
Let g(k) = -14*k**2 - 1. Let r be g(-1). Suppose 6*q - 25 = -61. Let y be ((-100)/r)/(q/(-9)). What is the greatest common divisor of 2 and y?
2
Suppose 4*l - 2*g = 1138, -11*l + 5*g + 549 = -9*l. Let s = l + -78. What is the highest common factor of s and 22?
11
Let l = -236 + 372. Let x = l - 80. Suppose 7*b = -0*b + x. Calculate the highest common factor of 1 and b.
1
Let o = -26391 - -26454. What is the greatest common factor of o and 3255?
21
Let z(j) = -19*j + 440. Let x be z(14). Suppose 4*d - 2 = 3*f, -2*f + 1 + 1 = -2*d. What is the highest common divisor of x and f?
6
Suppose 35 = 23*d - 80. Suppose 6*n - 4*n = -5*l + 108, 5*n = d*l - 80. What is the greatest common divisor of l and 25?
5
Suppose -18366 - 65141 = -16*j - 15635. 